{"id":300,"date":"2011-11-02T19:59:52","date_gmt":"2011-11-02T17:59:52","guid":{"rendered":"http:\/\/xn--mozodieldesanchiigo-b4b.es\/?page_id=300"},"modified":"2011-11-15T20:25:55","modified_gmt":"2011-11-15T18:25:55","slug":"aspectos-etnologicos","status":"publish","type":"page","link":"http:\/\/xn--mozodieldesanchiigo-b4b.es\/?page_id=300","title":{"rendered":"Aspectos antiguos"},"content":{"rendered":"<p>Todos las ventanas sobre aspectos\u00a0etimologices\u00a0aqui mostradas son \u00a0copia del libro y si no fuese por su inestimable\u00a0colaboraci\u00f3n\u00a0y generosidad para su\u00a0recopilaci\u00f3n:<\/p>\n<p>Pascual RIESCO CHUECA (2003)\u00a0<em>Calzada de Valdunciel. Palabras, cosas y memorias de un pueblo de Salamanca<\/em>, 346 p\u00e1ginas. 24 x 17 cm. R\u00fastica. ISBN: 84-7797-209-5, ediciones Diputaci\u00f3n de Salamanca.<\/p>\n","protected":false},"excerpt":{"rendered":"<p>Todos las ventanas sobre aspectos\u00a0etimologices\u00a0aqui mostradas son \u00a0copia del libro y si no fuese por su inestimable\u00a0colaboraci\u00f3n\u00a0y generosidad para su\u00a0recopilaci\u00f3n: Pascual RIESCO CHUECA (2003)\u00a0Calzada de Valdunciel. Palabras, cosas y memorias de un pueblo de Salamanca, 346 p\u00e1ginas. 24 x 17 &hellip; <a href=\"http:\/\/xn--mozodieldesanchiigo-b4b.es\/?page_id=300\">Sigue leyendo <span class=\"meta-nav\">&rarr;<\/span><\/a><\/p>\n","protected":false},"author":1,"featured_media":0,"parent":0,"menu_order":0,"comment_status":"open","ping_status":"open","template":"","meta":{"footnotes":""},"class_list":["post-300","page","type-page","status-publish","hentry"],"_links":{"self":[{"href":"http:\/\/xn--mozodieldesanchiigo-b4b.es\/index.php?rest_route=\/wp\/v2\/pages\/300","targetHints":{"allow":["GET"]}}],"collection":[{"href":"http:\/\/xn--mozodieldesanchiigo-b4b.es\/index.php?rest_route=\/wp\/v2\/pages"}],"about":[{"href":"http:\/\/xn--mozodieldesanchiigo-b4b.es\/index.php?rest_route=\/wp\/v2\/types\/page"}],"author":[{"embeddable":true,"href":"http:\/\/xn--mozodieldesanchiigo-b4b.es\/index.php?rest_route=\/wp\/v2\/users\/1"}],"replies":[{"embeddable":true,"href":"http:\/\/xn--mozodieldesanchiigo-b4b.es\/index.php?rest_route=%2Fwp%2Fv2%2Fcomments&post=300"}],"version-history":[{"count":9,"href":"http:\/\/xn--mozodieldesanchiigo-b4b.es\/index.php?rest_route=\/wp\/v2\/pages\/300\/revisions"}],"predecessor-version":[{"id":378,"href":"http:\/\/xn--mozodieldesanchiigo-b4b.es\/index.php?rest_route=\/wp\/v2\/pages\/300\/revisions\/378"}],"wp:attachment":[{"href":"http:\/\/xn--mozodieldesanchiigo-b4b.es\/index.php?rest_route=%2Fwp%2Fv2%2Fmedia&parent=300"}],"curies":[{"name":"wp","href":"https:\/\/api.w.org\/{rel}","templated":true}]}}

<p>Todos las ventanas sobre aspectos etimologices aqui mostradas son  copia del libro y si no fuese por su inestimable colaboración y generosidad para su recopilación:</p>
<p>Pascual RIESCO CHUECA (2003) <em>Calzada de Valdunciel. Palabras, cosas y memorias de un pueblo de Salamanca</em>, 346 páginas. 24 x 17 cm. Rústica. ISBN: 84-7797-209-5, ediciones Diputación de Salamanca.</p>

<p>Todos las ventanas sobre aspectos etimologices aqui mostradas son  copia del libro y si no fuese por su inestimable colaboración y generosidad para su recopilación: Pascual RIESCO CHUECA (2003) Calzada de Valdunciel. Palabras, cosas y memorias de un pueblo de Salamanca, 346 páginas. 24 x 17 &hellip; <a href="http://xn--mozodieldesanchiigo-b4b.es/?page_id=300">Sigue leyendo <span class="meta-nav">&rarr;</span></a></p>
