{"id":316,"date":"2011-11-02T21:06:02","date_gmt":"2011-11-02T19:06:02","guid":{"rendered":"http:\/\/xn--mozodieldesanchiigo-b4b.es\/?page_id=316"},"modified":"2011-11-07T22:36:16","modified_gmt":"2011-11-07T20:36:16","slug":"ruta-cueva-rascones","status":"publish","type":"page","link":"http:\/\/xn--mozodieldesanchiigo-b4b.es\/?page_id=316","title":{"rendered":"Ruta cueva Rascones"},"content":{"rendered":"<div><strong><a title=\"Video cueva rascones\" href=\"http:\/\/www.youtube.com\/watch?v=JKNQDFyeTBM\" target=\"_blank\">CUEVA RASCONES<\/a><\/strong><\/div>\n<div>Una bonita ruta, que en poco tiempo desde Mozodiel se llega a una bonita cueva al lado del tormes, con unas vistas inmejorables y al lado de Salamanca.<\/div>\n<div><em> <\/em>En un art\u00edculo publicado por el\u00a0<strong>Padre C\u00e9sar Moran<\/strong>, arque\u00f3logo agustino, en la Revista\u00a0<strong>Espa\u00f1a y Am\u00e9rica,<\/strong> da curiosas noticias de restos prehist\u00f3ricos en las inmediaciones de Salamanca (1). De dicho trabajo damos cuenta,\u00a0ya que en la publicaci\u00f3n mencionada, pueden encontrarse mayores datos.<\/div>\n<div><em>\u00abUno de los yacimientos\u00a0 est\u00e1 en la\u00a0<strong>Cueva de los Rascones <\/strong>\u00f3<\/em><\/div>\n<div><em>de<strong> Crespo Rasc\u00f3n, <\/strong>\u00e1 8 kil\u00f3metros\u00a0por la carretera de Ledesma, frente \u00e1 la caseta de peones camineros\u00bb.<\/em><\/div>\n<div><em><br \/>\nLa cueva aparece\u00a0 en un acantilado de\u00a0unos 18 metros, \u00e1 la derecha del Tormes, mirando al mediod\u00eda. El interior es espacioso; mide la boca 2,75 m. de altura, por 3,96 de ancho, y existe en la parte superior un agujero, como para encajar un travesa\u00f1o. Desde la boca al fondo mide 6,85 x 7,17 de ancho y 2,80 de elevaci\u00f3n.<\/em><img decoding=\"async\" title=\"rascones\" src=\"http:\/\/xn--mozodieldesanchiigo-b4b.es\/wp-content\/uploads\/2011\/09\/rascones.bmp\" alt=\"\" \/><\/div>\n<div><img decoding=\"async\" title=\"perfil rascones\" src=\"http:\/\/xn--mozodieldesanchiigo-b4b.es\/wp-content\/uploads\/2011\/09\/perfil-rascones.bmp\" alt=\"\" \/><\/div>\n<div><em>Cerca y frente \u00e1 la entrada se abre un pozo circular, labrado en la misma pe\u00f1a, de un metro de di\u00e1metro\u00a0 y casi cegado,\u00a0 pues s\u00f3lo tiene 1,48 de profundidad\u00bb.<\/em><\/div>\n<div><\/div>\n<div><em>Mas\u00a0informaci\u00f3n\u00a0pinche <a href=\"http:\/\/www.youtube.com\/watch?v=JKNQDFyeTBM\" target=\"_blank\">aqui<\/a><\/em><\/div>\n","protected":false},"excerpt":{"rendered":"<p>CUEVA RASCONES Una bonita ruta, que en poco tiempo desde Mozodiel se llega a una bonita cueva al lado del tormes, con unas vistas inmejorables y al lado de Salamanca. En un art\u00edculo publicado por el\u00a0Padre C\u00e9sar Moran, arque\u00f3logo agustino, &hellip; <a href=\"http:\/\/xn--mozodieldesanchiigo-b4b.es\/?page_id=316\">Sigue leyendo <span class=\"meta-nav\">&rarr;<\/span><\/a><\/p>\n","protected":false},"author":1,"featured_media":0,"parent":206,"menu_order":0,"comment_status":"open","ping_status":"open","template":"","meta":{"footnotes":""},"class_list":["post-316","page","type-page","status-publish","hentry"],"_links":{"self":[{"href":"http:\/\/xn--mozodieldesanchiigo-b4b.es\/index.php?rest_route=\/wp\/v2\/pages\/316","targetHints":{"allow":["GET"]}}],"collection":[{"href":"http:\/\/xn--mozodieldesanchiigo-b4b.es\/index.php?rest_route=\/wp\/v2\/pages"}],"about":[{"href":"http:\/\/xn--mozodieldesanchiigo-b4b.es\/index.php?rest_route=\/wp\/v2\/types\/page"}],"author":[{"embeddable":true,"href":"http:\/\/xn--mozodieldesanchiigo-b4b.es\/index.php?rest_route=\/wp\/v2\/users\/1"}],"replies":[{"embeddable":true,"href":"http:\/\/xn--mozodieldesanchiigo-b4b.es\/index.php?rest_route=%2Fwp%2Fv2%2Fcomments&post=316"}],"version-history":[{"count":3,"href":"http:\/\/xn--mozodieldesanchiigo-b4b.es\/index.php?rest_route=\/wp\/v2\/pages\/316\/revisions"}],"predecessor-version":[{"id":343,"href":"http:\/\/xn--mozodieldesanchiigo-b4b.es\/index.php?rest_route=\/wp\/v2\/pages\/316\/revisions\/343"}],"up":[{"embeddable":true,"href":"http:\/\/xn--mozodieldesanchiigo-b4b.es\/index.php?rest_route=\/wp\/v2\/pages\/206"}],"wp:attachment":[{"href":"http:\/\/xn--mozodieldesanchiigo-b4b.es\/index.php?rest_route=%2Fwp%2Fv2%2Fmedia&parent=316"}],"curies":[{"name":"wp","href":"https:\/\/api.w.org\/{rel}","templated":true}]}}

<div><strong><a title="Video cueva rascones" href="http://www.youtube.com/watch?v=JKNQDFyeTBM" target="_blank">CUEVA RASCONES</a></strong></div>
<div>Una bonita ruta, que en poco tiempo desde Mozodiel se llega a una bonita cueva al lado del tormes, con unas vistas inmejorables y al lado de Salamanca.</div>
<div><em> </em>En un artículo publicado por el <strong>Padre César Moran</strong>, arqueólogo agustino, en la Revista <strong>España y América,</strong> da curiosas noticias de restos prehistóricos en las inmediaciones de Salamanca (1). De dicho trabajo damos cuenta, ya que en la publicación mencionada, pueden encontrarse mayores datos.</div>
<div><em>«Uno de los yacimientos  está en la <strong>Cueva de los Rascones </strong>ó</em></div>
<div><em>de<strong> Crespo Rascón, </strong>á 8 kilómetros por la carretera de Ledesma, frente á la caseta de peones camineros».</em></div>
<div><em><br />
La cueva aparece  en un acantilado de unos 18 metros, á la derecha del Tormes, mirando al mediodía. El interior es espacioso; mide la boca 2,75 m. de altura, por 3,96 de ancho, y existe en la parte superior un agujero, como para encajar un travesaño. Desde la boca al fondo mide 6,85 x 7,17 de ancho y 2,80 de elevación.</em><img decoding="async" title="rascones" src="http://xn--mozodieldesanchiigo-b4b.es/wp-content/uploads/2011/09/rascones.bmp" alt="" /></div>
<div><img decoding="async" title="perfil rascones" src="http://xn--mozodieldesanchiigo-b4b.es/wp-content/uploads/2011/09/perfil-rascones.bmp" alt="" /></div>
<div><em>Cerca y frente á la entrada se abre un pozo circular, labrado en la misma peña, de un metro de diámetro  y casi cegado,  pues sólo tiene 1,48 de profundidad».</em></div>
<div></div>
<div><em>Mas información pinche <a href="http://www.youtube.com/watch?v=JKNQDFyeTBM" target="_blank">aqui</a></em></div>

<p>CUEVA RASCONES Una bonita ruta, que en poco tiempo desde Mozodiel se llega a una bonita cueva al lado del tormes, con unas vistas inmejorables y al lado de Salamanca. En un artículo publicado por el Padre César Moran, arqueólogo agustino, &hellip; <a href="http://xn--mozodieldesanchiigo-b4b.es/?page_id=316">Sigue leyendo <span class="meta-nav">&rarr;</span></a></p>
