{"id":320,"date":"2011-11-02T21:07:12","date_gmt":"2011-11-02T19:07:12","guid":{"rendered":"http:\/\/xn--mozodieldesanchiigo-b4b.es\/?page_id=320"},"modified":"2011-11-02T21:08:33","modified_gmt":"2011-11-02T19:08:33","slug":"ruta-colon","status":"publish","type":"page","link":"http:\/\/xn--mozodieldesanchiigo-b4b.es\/?page_id=320","title":{"rendered":"Ruta Cristobal Colon"},"content":{"rendered":"<p><a title=\"Ruta colon track\" href=\"http:\/\/es.wikiloc.com\/wikiloc\/view.do?id=1508811\" target=\"_blank\">Ruta de Colon<\/a><\/p>\n<p>Tras su estancia en\u00a0<strong>Medina de Rioseco<\/strong>, Col\u00f3n se une de nuevo a la Corte real en el\u00a0<strong>Monasterio de Moreruela en Zamora<\/strong>. Despu\u00e9s fue a\u00a0<strong>Salamanc<\/strong>a y en el<strong>convento<\/strong><br \/>\nSe cree que Col\u00f3n pudo alojarse durante un per\u00edodo de tiemp<strong>salmantino de San Esteban<\/strong> se encontr\u00f3 con\u00a0<a href=\"http:\/\/www.educa.jcyl.es\/educacyl\/cm\/gallery\/Recursos%20Infinity\/tematicas\/colon_vcentenario\/personajes\/diego_deza.html\">Fray Diego de Deza<\/a>confesor del Rey Fernando. De Deza ayud\u00f3 mucho a Col\u00f3n.<\/p>\n<p>o en el\u00a0<strong>Convento de San Esteban<\/strong> donde se dice adem\u00e1s que pudo explicar su teor\u00eda en una de sus salas.<\/p>\n<p>Seg\u00fan el historiador\u00a0<strong>Manuel Fern\u00e1ndez \u00c1lvarez<\/strong>: \u00abEs indudable que Col\u00f3n estuvo en Salamanca ese invierno, ya que \u00e9l segu\u00eda a la<\/p>\n<p>Corte, que le conced\u00eda una peque\u00f1a asignaci\u00f3n intermitente, y ten\u00eda el m\u00e1ximo inter\u00e9s de exponer ante los monarcas su proyecto de viaje atravesando el mar tenebroso, algo que hasta entonces no se hab\u00eda hecho\u00bb. De este modo, \u00abpuesto que sabemos que la Corte estuvo aqu\u00ed en esa fecha, no hay duda de que Col\u00f3n tambi\u00e9n\u00bb.<\/p>\n<p>Adem\u00e1s es posible que Col\u00f3n mantuviera importantes encuentros en Salamanca como por ejemplo con el astr\u00f3logo jud\u00edo\u00a0<strong>Abraham Zacuto<\/strong> o con el gram\u00e1tico<strong>Elio Antonio de Nebrija<\/strong>. Se piensa tambi\u00e9n que pudo alojarse en la\u00a0<strong>Haciend<\/strong><strong>a Zorita<\/strong>. All\u00ed, junto al establecimiento, hay un obelisco casi ya abandonado, en el Paraje de Valcuevo. Sobre este monolito se puede leer la inscripci\u00f3n: \u201cA Crist\u00f3bal Col\u00f3n. En memoria de las conferencias habidas en este sitio de Valcuevo para el descubrimiento del Nuevo Mundo\u201d. Fue el primer monumento civil dedicado al navegante, por el cual para llegar paso por Mozodiel de Sanchi\u00f1igo cruzando por el puente del regato de la Encina y su puente que aun podemos visitar<\/p>\n<p><a href=\"http:\/\/xn--mozodieldesanchiigo-b4b.es\/wp-content\/uploads\/2011\/09\/colon.bmp\"><img decoding=\"async\" title=\"colon\" src=\"http:\/\/xn--mozodieldesanchiigo-b4b.es\/wp-content\/uploads\/2011\/09\/colon.bmp\" alt=\"\" \/><\/a><a href=\"http:\/\/xn--mozodieldesanchiigo-b4b.es\/wp-content\/uploads\/2011\/09\/colon.bmp\"><br \/>\n<img decoding=\"async\" title=\"desnivel colon\" src=\"http:\/\/xn--mozodieldesanchiigo-b4b.es\/wp-content\/uploads\/2011\/09\/desnivel-colon.bmp\" alt=\"\" \/><\/a><\/p>\n<div>\n<div>\n<p>Pero Col\u00f3n se march\u00f3 de esta capital con la primera negativa a su proyecto por parte de los Reyes Cat\u00f3licos y no volver\u00e1 a estas tierras hasta despu\u00e9s de su regreso de Las Indias.<\/p>\n<\/div>\n<\/div>\n","protected":false},"excerpt":{"rendered":"<p>Ruta de Colon Tras su estancia en\u00a0Medina de Rioseco, Col\u00f3n se une de nuevo a la Corte real en el\u00a0Monasterio de Moreruela en Zamora. Despu\u00e9s fue a\u00a0Salamanca y en elconvento Se cree que Col\u00f3n pudo alojarse durante un per\u00edodo de &hellip; <a href=\"http:\/\/xn--mozodieldesanchiigo-b4b.es\/?page_id=320\">Sigue leyendo <span class=\"meta-nav\">&rarr;<\/span><\/a><\/p>\n","protected":false},"author":1,"featured_media":0,"parent":206,"menu_order":0,"comment_status":"open","ping_status":"open","template":"","meta":{"footnotes":""},"class_list":["post-320","page","type-page","status-publish","hentry"],"_links":{"self":[{"href":"http:\/\/xn--mozodieldesanchiigo-b4b.es\/index.php?rest_route=\/wp\/v2\/pages\/320","targetHints":{"allow":["GET"]}}],"collection":[{"href":"http:\/\/xn--mozodieldesanchiigo-b4b.es\/index.php?rest_route=\/wp\/v2\/pages"}],"about":[{"href":"http:\/\/xn--mozodieldesanchiigo-b4b.es\/index.php?rest_route=\/wp\/v2\/types\/page"}],"author":[{"embeddable":true,"href":"http:\/\/xn--mozodieldesanchiigo-b4b.es\/index.php?rest_route=\/wp\/v2\/users\/1"}],"replies":[{"embeddable":true,"href":"http:\/\/xn--mozodieldesanchiigo-b4b.es\/index.php?rest_route=%2Fwp%2Fv2%2Fcomments&post=320"}],"version-history":[{"count":2,"href":"http:\/\/xn--mozodieldesanchiigo-b4b.es\/index.php?rest_route=\/wp\/v2\/pages\/320\/revisions"}],"predecessor-version":[{"id":322,"href":"http:\/\/xn--mozodieldesanchiigo-b4b.es\/index.php?rest_route=\/wp\/v2\/pages\/320\/revisions\/322"}],"up":[{"embeddable":true,"href":"http:\/\/xn--mozodieldesanchiigo-b4b.es\/index.php?rest_route=\/wp\/v2\/pages\/206"}],"wp:attachment":[{"href":"http:\/\/xn--mozodieldesanchiigo-b4b.es\/index.php?rest_route=%2Fwp%2Fv2%2Fmedia&parent=320"}],"curies":[{"name":"wp","href":"https:\/\/api.w.org\/{rel}","templated":true}]}}

<p><a title="Ruta colon track" href="http://es.wikiloc.com/wikiloc/view.do?id=1508811" target="_blank">Ruta de Colon</a></p>
<p>Tras su estancia en <strong>Medina de Rioseco</strong>, Colón se une de nuevo a la Corte real en el <strong>Monasterio de Moreruela en Zamora</strong>. Después fue a <strong>Salamanc</strong>a y en el<strong>convento</strong><br />
Se cree que Colón pudo alojarse durante un período de tiemp<strong>salmantino de San Esteban</strong> se encontró con <a href="http://www.educa.jcyl.es/educacyl/cm/gallery/Recursos%20Infinity/tematicas/colon_vcentenario/personajes/diego_deza.html">Fray Diego de Deza</a>confesor del Rey Fernando. De Deza ayudó mucho a Colón.</p>
<p>o en el <strong>Convento de San Esteban</strong> donde se dice además que pudo explicar su teoría en una de sus salas.</p>
<p>Según el historiador <strong>Manuel Fernández Álvarez</strong>: «Es indudable que Colón estuvo en Salamanca ese invierno, ya que él seguía a la</p>
<p>Corte, que le concedía una pequeña asignación intermitente, y tenía el máximo interés de exponer ante los monarcas su proyecto de viaje atravesando el mar tenebroso, algo que hasta entonces no se había hecho». De este modo, «puesto que sabemos que la Corte estuvo aquí en esa fecha, no hay duda de que Colón también».</p>
<p>Además es posible que Colón mantuviera importantes encuentros en Salamanca como por ejemplo con el astrólogo judío <strong>Abraham Zacuto</strong> o con el gramático<strong>Elio Antonio de Nebrija</strong>. Se piensa también que pudo alojarse en la <strong>Haciend</strong><strong>a Zorita</strong>. Allí, junto al establecimiento, hay un obelisco casi ya abandonado, en el Paraje de Valcuevo. Sobre este monolito se puede leer la inscripción: “A Cristóbal Colón. En memoria de las conferencias habidas en este sitio de Valcuevo para el descubrimiento del Nuevo Mundo”. Fue el primer monumento civil dedicado al navegante, por el cual para llegar paso por Mozodiel de Sanchiñigo cruzando por el puente del regato de la Encina y su puente que aun podemos visitar</p>
<p><a href="http://xn--mozodieldesanchiigo-b4b.es/wp-content/uploads/2011/09/colon.bmp"><img decoding="async" title="colon" src="http://xn--mozodieldesanchiigo-b4b.es/wp-content/uploads/2011/09/colon.bmp" alt="" /></a><a href="http://xn--mozodieldesanchiigo-b4b.es/wp-content/uploads/2011/09/colon.bmp"><br />
<img decoding="async" title="desnivel colon" src="http://xn--mozodieldesanchiigo-b4b.es/wp-content/uploads/2011/09/desnivel-colon.bmp" alt="" /></a></p>
<div>
<div>
<p>Pero Colón se marchó de esta capital con la primera negativa a su proyecto por parte de los Reyes Católicos y no volverá a estas tierras hasta después de su regreso de Las Indias.</p>
</div>
</div>

<p>Ruta de Colon Tras su estancia en Medina de Rioseco, Colón se une de nuevo a la Corte real en el Monasterio de Moreruela en Zamora. Después fue a Salamanca y en elconvento Se cree que Colón pudo alojarse durante un período de &hellip; <a href="http://xn--mozodieldesanchiigo-b4b.es/?page_id=320">Sigue leyendo <span class="meta-nav">&rarr;</span></a></p>
