{"id":325,"date":"2011-11-02T21:20:01","date_gmt":"2011-11-02T19:20:01","guid":{"rendered":"http:\/\/xn--mozodieldesanchiigo-b4b.es\/?page_id=325"},"modified":"2011-11-15T21:55:04","modified_gmt":"2011-11-15T19:55:04","slug":"ruta-conexion-camino-de-santiago","status":"publish","type":"page","link":"http:\/\/xn--mozodieldesanchiigo-b4b.es\/?page_id=325","title":{"rendered":"Ruta conexi\u00f3n Camino de Santiago"},"content":{"rendered":"<p><strong>Camino de Santiago <\/strong><a href=\"http:\/\/caminodesantiago.consumer.es\/etapa-de-salamanca-a-el-cubo-de-la-tierra-del-vino\" target=\"_blank\"><strong> <\/strong><\/a><strong><a href=\"http:\/\/caminodesantiago.consumer.es\/etapa-de-salamanca-a-el-cubo-de-la-tierra-del-vino\" target=\"_blank\">Ruta enganche<\/a><\/strong><\/p>\n<div><a href=\"http:\/\/caminodesantiago.consumer.es\/etapa-de-salamanca-a-el-cubo-de-la-tierra-del-vino\" target=\"_blank\">Camino de Santiago.<\/a><\/div>\n<div>Desde Mozodiel en solo 2km podemos enlazar con la Ruta del camino de Santiago que pasa al lado de nuestro termino para llegar a Calzada de Valduciel,\u00a0merecer\u00e1\u00a0la pena el paso por nuestro entorno.<\/div>\n<p>Primera de las dos largas jornadas que separan las ciudades deSalamanca y Zamora. Las pistas de concentraci\u00f3n parcelaria nos llevar\u00e1n por las poblaciones de Aldeaseca de Armu\u00f1a, Castellanos de Villiquera y Calzada de Valdunciel, sin duda la parte menos mala. Despu\u00e9s impone su ley la N-630, oblig\u00e1ndonos a transitar por ella durante gran parte de un segundo tramo de veinte kil\u00f3metros caracterizado por la ausencia de localidades intermedias.<\/p>\n<div><img decoding=\"async\" title=\"enganze camino santiago\" src=\"http:\/\/xn--mozodieldesanchiigo-b4b.es\/wp-content\/uploads\/2011\/09\/enganze-camino-santiago.bmp\" alt=\"\" \/><\/div>\n<div>\n<div><a href=\"http:\/\/xn--mozodieldesanchiigo-b4b.es\/wp-content\/uploads\/2011\/09\/colon.bmp\"><img decoding=\"async\" title=\"perfil santiago (1)\" src=\"http:\/\/xn--mozodieldesanchiigo-b4b.es\/wp-content\/uploads\/2011\/09\/perfil-santiago-1.bmp\" alt=\"\" \/><\/a><\/div>\n<\/div>\n<p><a href=\"http:\/\/xn--mozodieldesanchiigo-b4b.es\/wp-content\/uploads\/2011\/11\/ruta-de-la-plata.bmp\"><img decoding=\"async\" class=\"aligncenter size-full wp-image-393\" title=\"ruta de la plata\" src=\"http:\/\/xn--mozodieldesanchiigo-b4b.es\/wp-content\/uploads\/2011\/11\/ruta-de-la-plata.bmp\" alt=\"\" \/><\/a>Enlace <a href=\"http:\/\/issuu.com\/feriaturiscyl\/docs\/via_de_la_plata\" target=\"_blank\">aqui.<\/a><\/p>\n","protected":false},"excerpt":{"rendered":"<p>Camino de Santiago Ruta enganche Camino de Santiago. Desde Mozodiel en solo 2km podemos enlazar con la Ruta del camino de Santiago que pasa al lado de nuestro termino para llegar a Calzada de Valduciel,\u00a0merecer\u00e1\u00a0la pena el paso por nuestro &hellip; <a href=\"http:\/\/xn--mozodieldesanchiigo-b4b.es\/?page_id=325\">Sigue leyendo <span class=\"meta-nav\">&rarr;<\/span><\/a><\/p>\n","protected":false},"author":1,"featured_media":0,"parent":206,"menu_order":0,"comment_status":"open","ping_status":"open","template":"","meta":{"footnotes":""},"class_list":["post-325","page","type-page","status-publish","hentry"],"_links":{"self":[{"href":"http:\/\/xn--mozodieldesanchiigo-b4b.es\/index.php?rest_route=\/wp\/v2\/pages\/325","targetHints":{"allow":["GET"]}}],"collection":[{"href":"http:\/\/xn--mozodieldesanchiigo-b4b.es\/index.php?rest_route=\/wp\/v2\/pages"}],"about":[{"href":"http:\/\/xn--mozodieldesanchiigo-b4b.es\/index.php?rest_route=\/wp\/v2\/types\/page"}],"author":[{"embeddable":true,"href":"http:\/\/xn--mozodieldesanchiigo-b4b.es\/index.php?rest_route=\/wp\/v2\/users\/1"}],"replies":[{"embeddable":true,"href":"http:\/\/xn--mozodieldesanchiigo-b4b.es\/index.php?rest_route=%2Fwp%2Fv2%2Fcomments&post=325"}],"version-history":[{"count":4,"href":"http:\/\/xn--mozodieldesanchiigo-b4b.es\/index.php?rest_route=\/wp\/v2\/pages\/325\/revisions"}],"predecessor-version":[{"id":394,"href":"http:\/\/xn--mozodieldesanchiigo-b4b.es\/index.php?rest_route=\/wp\/v2\/pages\/325\/revisions\/394"}],"up":[{"embeddable":true,"href":"http:\/\/xn--mozodieldesanchiigo-b4b.es\/index.php?rest_route=\/wp\/v2\/pages\/206"}],"wp:attachment":[{"href":"http:\/\/xn--mozodieldesanchiigo-b4b.es\/index.php?rest_route=%2Fwp%2Fv2%2Fmedia&parent=325"}],"curies":[{"name":"wp","href":"https:\/\/api.w.org\/{rel}","templated":true}]}}

Ruta conexión Camino de Santiago

<p><strong>Camino de Santiago </strong><a href="http://caminodesantiago.consumer.es/etapa-de-salamanca-a-el-cubo-de-la-tierra-del-vino" target="_blank"><strong> </strong></a><strong><a href="http://caminodesantiago.consumer.es/etapa-de-salamanca-a-el-cubo-de-la-tierra-del-vino" target="_blank">Ruta enganche</a></strong></p>
<div><a href="http://caminodesantiago.consumer.es/etapa-de-salamanca-a-el-cubo-de-la-tierra-del-vino" target="_blank">Camino de Santiago.</a></div>
<div>Desde Mozodiel en solo 2km podemos enlazar con la Ruta del camino de Santiago que pasa al lado de nuestro termino para llegar a Calzada de Valduciel, merecerá la pena el paso por nuestro entorno.</div>
<p>Primera de las dos largas jornadas que separan las ciudades deSalamanca y Zamora. Las pistas de concentración parcelaria nos llevarán por las poblaciones de Aldeaseca de Armuña, Castellanos de Villiquera y Calzada de Valdunciel, sin duda la parte menos mala. Después impone su ley la N-630, obligándonos a transitar por ella durante gran parte de un segundo tramo de veinte kilómetros caracterizado por la ausencia de localidades intermedias.</p>
<div><img decoding="async" title="enganze camino santiago" src="http://xn--mozodieldesanchiigo-b4b.es/wp-content/uploads/2011/09/enganze-camino-santiago.bmp" alt="" /></div>
<div>
<div><a href="http://xn--mozodieldesanchiigo-b4b.es/wp-content/uploads/2011/09/colon.bmp"><img decoding="async" title="perfil santiago (1)" src="http://xn--mozodieldesanchiigo-b4b.es/wp-content/uploads/2011/09/perfil-santiago-1.bmp" alt="" /></a></div>
</div>
<p><a href="http://xn--mozodieldesanchiigo-b4b.es/wp-content/uploads/2011/11/ruta-de-la-plata.bmp"><img decoding="async" class="aligncenter size-full wp-image-393" title="ruta de la plata" src="http://xn--mozodieldesanchiigo-b4b.es/wp-content/uploads/2011/11/ruta-de-la-plata.bmp" alt="" /></a>Enlace <a href="http://issuu.com/feriaturiscyl/docs/via_de_la_plata" target="_blank">aqui.</a></p>

<p>Camino de Santiago Ruta enganche Camino de Santiago. Desde Mozodiel en solo 2km podemos enlazar con la Ruta del camino de Santiago que pasa al lado de nuestro termino para llegar a Calzada de Valduciel, merecerá la pena el paso por nuestro &hellip; <a href="http://xn--mozodieldesanchiigo-b4b.es/?page_id=325">Sigue leyendo <span class="meta-nav">&rarr;</span></a></p>
