{"id":33,"date":"2011-07-03T12:52:01","date_gmt":"2011-07-03T10:52:01","guid":{"rendered":"http:\/\/xn--mozodieldesanchiigo-b4b.es\/?page_id=33"},"modified":"2012-04-21T13:29:45","modified_gmt":"2012-04-21T11:29:45","slug":"corporacion-municipal","status":"publish","type":"page","link":"http:\/\/xn--mozodieldesanchiigo-b4b.es\/?page_id=33","title":{"rendered":"Corporaci\u00f3n Municipal"},"content":{"rendered":"<p>La corporaci\u00f3n municipal de Mozodiel de Sanchi\u00f1igo, desde el a\u00f1o 2011 al a\u00f1o 2015 est\u00e1 formada por:<\/p>\n<ul>\n<li>Alcalde : <strong>D. Miguel Angel Avila Santiago <\/strong>(Agrupacion Independiente).<\/li>\n<li>Tesorero: <strong>D. Lorenzo Rodriguez Mendo<\/strong> (Agrupacion Independiente).<\/li>\n<li>Vocal: <strong>D. Maria de la Paloma Garcia Asenjo <\/strong>(Partido Popular).<\/li>\n<li>Suplente ante entidades: <strong>D. Lorenzo Mendo.<\/strong><\/li>\n<\/ul>\n<p>&nbsp;<\/p>\n","protected":false},"excerpt":{"rendered":"<p>La corporaci\u00f3n municipal de Mozodiel de Sanchi\u00f1igo, desde el a\u00f1o 2011 al a\u00f1o 2015 est\u00e1 formada por: Alcalde : D. Miguel Angel Avila Santiago (Agrupacion Independiente). Tesorero: D. Lorenzo Rodriguez Mendo (Agrupacion Independiente). Vocal: D. Maria de la Paloma Garcia &hellip; <a href=\"http:\/\/xn--mozodieldesanchiigo-b4b.es\/?page_id=33\">Sigue leyendo <span class=\"meta-nav\">&rarr;<\/span><\/a><\/p>\n","protected":false},"author":1,"featured_media":0,"parent":0,"menu_order":2,"comment_status":"open","ping_status":"closed","template":"","meta":{"footnotes":""},"class_list":["post-33","page","type-page","status-publish","hentry"],"_links":{"self":[{"href":"http:\/\/xn--mozodieldesanchiigo-b4b.es\/index.php?rest_route=\/wp\/v2\/pages\/33","targetHints":{"allow":["GET"]}}],"collection":[{"href":"http:\/\/xn--mozodieldesanchiigo-b4b.es\/index.php?rest_route=\/wp\/v2\/pages"}],"about":[{"href":"http:\/\/xn--mozodieldesanchiigo-b4b.es\/index.php?rest_route=\/wp\/v2\/types\/page"}],"author":[{"embeddable":true,"href":"http:\/\/xn--mozodieldesanchiigo-b4b.es\/index.php?rest_route=\/wp\/v2\/users\/1"}],"replies":[{"embeddable":true,"href":"http:\/\/xn--mozodieldesanchiigo-b4b.es\/index.php?rest_route=%2Fwp%2Fv2%2Fcomments&post=33"}],"version-history":[{"count":8,"href":"http:\/\/xn--mozodieldesanchiigo-b4b.es\/index.php?rest_route=\/wp\/v2\/pages\/33\/revisions"}],"predecessor-version":[{"id":697,"href":"http:\/\/xn--mozodieldesanchiigo-b4b.es\/index.php?rest_route=\/wp\/v2\/pages\/33\/revisions\/697"}],"wp:attachment":[{"href":"http:\/\/xn--mozodieldesanchiigo-b4b.es\/index.php?rest_route=%2Fwp%2Fv2%2Fmedia&parent=33"}],"curies":[{"name":"wp","href":"https:\/\/api.w.org\/{rel}","templated":true}]}}