{"id":749,"date":"2012-06-11T15:21:57","date_gmt":"2012-06-11T13:21:57","guid":{"rendered":"http:\/\/xn--mozodieldesanchiigo-b4b.es\/?page_id=749"},"modified":"2012-06-11T15:22:50","modified_gmt":"2012-06-11T13:22:50","slug":"educacion","status":"publish","type":"page","link":"http:\/\/xn--mozodieldesanchiigo-b4b.es\/?page_id=749","title":{"rendered":"Educacion"},"content":{"rendered":"<p>Mozodiel entra dentro de la ruta de transporte escolar 3700183, siendo la pen\u00faltima parada entre Valverd\u00f3n y \u00abLos Almendros\u00bb, por lo que los ni\u00f1os pueden\u00a0acceder\u00a0al uso de la misma para asistir \u00a0al colegio de Villamayor. Para ello\u00a0tendr\u00e1n\u00a0que haberse matriculado con anterioridad en el Centro.<\/p>\n<p>Para mas\u00a0informaci\u00f3n\u00a0pinche\u00a0<a href=\"http:\/\/cppiedradearte.centros.educa.jcyl.es\/sitio\/\" target=\"_blank\">aqu\u00ed.<\/a><\/p>\n<table border=\"1\" cellspacing=\"0\" cellpadding=\"1\" width=\"630\" bgcolor=\"#f8f8f8\" bordercolor=\"#cccccc\">\n<tbody>\n<tr>\n<td bordercolor=\"#f8f8f8\">Historia<\/td>\n<\/tr>\n<\/tbody>\n<\/table>\n<table border=\"0\" cellspacing=\"1\" cellpadding=\"2\" width=\"630\">\n<tbody>\n<tr valign=\"top\">\n<td valign=\"top\">A comienzos de siglo, Villamayor de Armu\u00f1a era un modesto pueblecito con escasos habitantes que viv\u00eda de la agricultura y la ganader\u00eda, as\u00ed como de la extracci\u00f3n de piedra para la construcci\u00f3n; la bien conocida \u201cPiedra de Villamayor\u201d que da forma y renombre al conjunto monumental de Salamanca.&nbsp;<\/p>\n<p>La primera escuela, de una sola unidad, estaba en la Plaza de San Juan, donde hoy se encuentra el Hogar del Jubilado. En torno a 1933, siendo Ministro de Instrucci\u00f3n P\u00fablica Filiberto Villalobos, se construyeron dos unidades que en la actualidad albergan el Aula de Cultura.<\/p>\n<p><img decoding=\"async\" src=\"http:\/\/cppiedradearte.centros.educa.jcyl.es\/sitio\/upload\/img\/coleene06_006_copia.jpg\" border=\"0\" alt=\"Nuestro Centro Historia\" \/> <img decoding=\"async\" src=\"http:\/\/cppiedradearte.centros.educa.jcyl.es\/sitio\/upload\/img\/coleene07_005_copia.jpg\" border=\"0\" alt=\"Nuestro Centro Historia\" \/><\/p>\n<p>Tenemos que esperar a 1963 cuando el crecimiento del municipio demanda m\u00e1s aulas para que se construyan dos unidades junto a las anteriores, de manera que forman un centro con cuatro unidades y dos\u00a0viviendas para maestros.<\/p>\n<div><img decoding=\"async\" src=\"http:\/\/cppiedradearte.centros.educa.jcyl.es\/sitio\/upload\/img\/coleene07_009_copia.jpg\" border=\"0\" alt=\"Nuestro Centro Historia\" \/><\/div>\n<p>El crecimiento del municipio que se hab\u00eda iniciado en los a\u00f1os sesenta demanda un centro con mejores dotaciones de aulas y recursos.<\/p>\n<p>En 1983, el Ayuntamiento pone a disposici\u00f3n del Ministerio de Educaci\u00f3n un nuevo solar, junto al anterior, pero separados por la calle Filiberto Villalobos, donde se construye un moderno edificio de dos plantas con sal\u00f3n de actos, unidad de infantil, laboratorio de ciencias, aula de tecnolog\u00eda y cinco unidades de primaria.<\/p>\n<div><img decoding=\"async\" src=\"http:\/\/cppiedradearte.centros.educa.jcyl.es\/sitio\/upload\/img\/coleene07_011_copia.jpg\" border=\"0\" alt=\"Nuestro Centro Historia\" \/><\/div>\n<p>Mientras tanto el pueblo sigue creciendo a un ritmo cada vez mayor, por lo que es necesario construir nuevas aulas para Educaci\u00f3n Infantil.<\/p>\n<p>En 1997, la falta de espacio suficiente en el recinto escolar, determina que el Ayuntamiento ceda un tercer solar para la construcci\u00f3n del centro de Educaci\u00f3n Infantil con cuatro unidades que pronto se ampliar\u00e1 a seis, pues la demanda no deja de crecer.<\/p>\n<p><img decoding=\"async\" src=\"http:\/\/cppiedradearte.centros.educa.jcyl.es\/sitio\/upload\/img\/infant02_copia_1.jpg\" border=\"0\" alt=\"\" \/><\/p>\n<p>Igualmente es necesario ampliar el n\u00famero de aulas de Educaci\u00f3n Primaria y, aunque se suscita un debate sobre la conveniencia de construir un nuevo centro educativo, en el a\u00f1o 2001, se opta por ampliar el centro con cuatro nuevas unidades, restando espacio al patio escolar.<\/p>\n<p>De nuevo el crecimiento de la poblaci\u00f3n escolar obliga a construir cuatro nuevas unidades en el escaso espacio que quedaba en el primer recinto escolar, obra que se concluye en el a\u00f1o 2003.<\/p>\n<div><img decoding=\"async\" src=\"http:\/\/cppiedradearte.centros.educa.jcyl.es\/sitio\/upload\/img\/secunda_copia.jpg\" border=\"0\" alt=\"\" \/><\/div>\n<p>En la actualidad, la poblaci\u00f3n escolar sigue aumentando por lo que ha habido que optar por instalar aulas prefabricadas. La situaci\u00f3n actual no permite nuevas ampliaciones en los recintos existentes y por ello est\u00e1 en estudio la reordenaci\u00f3n de los espacios escolares y la construcci\u00f3n de un nuevo centro educativo.<\/p>\n<p>As\u00ed, pues, el C.E.I.P. \u201cPiedra de Arte\u201d de Villamayor de Armu\u00f1a consta de tres edificios. El primer recinto est\u00e1 situado a la entrada del municipio, al margen izquierdo de la carretera viniendo desde Salamanca. El segundo recinto, frente por frente al anterior del que le separa la calle Filiberto Villalobos. El tercer recinto escolar, destinado a las unidades de Educaci\u00f3n Infantil, est\u00e1 situado al otro lado de la carretera y a menos de 100 metros de los anteriores.<\/p>\n<p>El estar distribuido en tres edificios separados conlleva algunas dificultades que son f\u00e1cilmente subsanables por la profesionalidad, dedicaci\u00f3n y buen hacer de los 40 maestros\/as que, en la actualidad, desarrollan su quehacer educativo en el Colegio. Pero el estar en recintos separados tambi\u00e9n tiene ventajas: uniformidad y heterogeneidad de edades y etapas (uno para Educaci\u00f3n Infantil, otro para la Educaci\u00f3n Primaria (primer y segundo ciclos) y otro para el tercer ciclo de Primaria, as\u00ed como paliar la posible masificaci\u00f3n de los 530 alumnos\/as que en este curso se escolarizan.<\/td>\n<\/tr>\n<\/tbody>\n<\/table>\n<p>&nbsp;<\/p>\n","protected":false},"excerpt":{"rendered":"<p>Mozodiel entra dentro de la ruta de transporte escolar 3700183, siendo la pen\u00faltima parada entre Valverd\u00f3n y \u00abLos Almendros\u00bb, por lo que los ni\u00f1os pueden\u00a0acceder\u00a0al uso de la misma para asistir \u00a0al colegio de Villamayor. Para ello\u00a0tendr\u00e1n\u00a0que haberse matriculado con &hellip; <a href=\"http:\/\/xn--mozodieldesanchiigo-b4b.es\/?page_id=749\">Sigue leyendo <span class=\"meta-nav\">&rarr;<\/span><\/a><\/p>\n","protected":false},"author":1,"featured_media":0,"parent":745,"menu_order":0,"comment_status":"open","ping_status":"open","template":"","meta":{"footnotes":""},"class_list":["post-749","page","type-page","status-publish","hentry"],"_links":{"self":[{"href":"http:\/\/xn--mozodieldesanchiigo-b4b.es\/index.php?rest_route=\/wp\/v2\/pages\/749","targetHints":{"allow":["GET"]}}],"collection":[{"href":"http:\/\/xn--mozodieldesanchiigo-b4b.es\/index.php?rest_route=\/wp\/v2\/pages"}],"about":[{"href":"http:\/\/xn--mozodieldesanchiigo-b4b.es\/index.php?rest_route=\/wp\/v2\/types\/page"}],"author":[{"embeddable":true,"href":"http:\/\/xn--mozodieldesanchiigo-b4b.es\/index.php?rest_route=\/wp\/v2\/users\/1"}],"replies":[{"embeddable":true,"href":"http:\/\/xn--mozodieldesanchiigo-b4b.es\/index.php?rest_route=%2Fwp%2Fv2%2Fcomments&post=749"}],"version-history":[{"count":2,"href":"http:\/\/xn--mozodieldesanchiigo-b4b.es\/index.php?rest_route=\/wp\/v2\/pages\/749\/revisions"}],"predecessor-version":[{"id":752,"href":"http:\/\/xn--mozodieldesanchiigo-b4b.es\/index.php?rest_route=\/wp\/v2\/pages\/749\/revisions\/752"}],"up":[{"embeddable":true,"href":"http:\/\/xn--mozodieldesanchiigo-b4b.es\/index.php?rest_route=\/wp\/v2\/pages\/745"}],"wp:attachment":[{"href":"http:\/\/xn--mozodieldesanchiigo-b4b.es\/index.php?rest_route=%2Fwp%2Fv2%2Fmedia&parent=749"}],"curies":[{"name":"wp","href":"https:\/\/api.w.org\/{rel}","templated":true}]}}

<p>Mozodiel entra dentro de la ruta de transporte escolar 3700183, siendo la penúltima parada entre Valverdón y «Los Almendros», por lo que los niños pueden acceder al uso de la misma para asistir  al colegio de Villamayor. Para ello tendrán que haberse matriculado con anterioridad en el Centro.</p>
<p>Para mas información pinche <a href="http://cppiedradearte.centros.educa.jcyl.es/sitio/" target="_blank">aquí.</a></p>
<table border="1" cellspacing="0" cellpadding="1" width="630" bgcolor="#f8f8f8" bordercolor="#cccccc">
<tbody>
<tr>
<td bordercolor="#f8f8f8">Historia</td>
</tr>
</tbody>
</table>
<table border="0" cellspacing="1" cellpadding="2" width="630">
<tbody>
<tr valign="top">
<td valign="top">A comienzos de siglo, Villamayor de Armuña era un modesto pueblecito con escasos habitantes que vivía de la agricultura y la ganadería, así como de la extracción de piedra para la construcción; la bien conocida “Piedra de Villamayor” que da forma y renombre al conjunto monumental de Salamanca.&nbsp;</p>
<p>La primera escuela, de una sola unidad, estaba en la Plaza de San Juan, donde hoy se encuentra el Hogar del Jubilado. En torno a 1933, siendo Ministro de Instrucción Pública Filiberto Villalobos, se construyeron dos unidades que en la actualidad albergan el Aula de Cultura.</p>
<p><img decoding="async" src="http://cppiedradearte.centros.educa.jcyl.es/sitio/upload/img/coleene06_006_copia.jpg" border="0" alt="Nuestro Centro Historia" /> <img decoding="async" src="http://cppiedradearte.centros.educa.jcyl.es/sitio/upload/img/coleene07_005_copia.jpg" border="0" alt="Nuestro Centro Historia" /></p>
<p>Tenemos que esperar a 1963 cuando el crecimiento del municipio demanda más aulas para que se construyan dos unidades junto a las anteriores, de manera que forman un centro con cuatro unidades y dos viviendas para maestros.</p>
<div><img decoding="async" src="http://cppiedradearte.centros.educa.jcyl.es/sitio/upload/img/coleene07_009_copia.jpg" border="0" alt="Nuestro Centro Historia" /></div>
<p>El crecimiento del municipio que se había iniciado en los años sesenta demanda un centro con mejores dotaciones de aulas y recursos.</p>
<p>En 1983, el Ayuntamiento pone a disposición del Ministerio de Educación un nuevo solar, junto al anterior, pero separados por la calle Filiberto Villalobos, donde se construye un moderno edificio de dos plantas con salón de actos, unidad de infantil, laboratorio de ciencias, aula de tecnología y cinco unidades de primaria.</p>
<div><img decoding="async" src="http://cppiedradearte.centros.educa.jcyl.es/sitio/upload/img/coleene07_011_copia.jpg" border="0" alt="Nuestro Centro Historia" /></div>
<p>Mientras tanto el pueblo sigue creciendo a un ritmo cada vez mayor, por lo que es necesario construir nuevas aulas para Educación Infantil.</p>
<p>En 1997, la falta de espacio suficiente en el recinto escolar, determina que el Ayuntamiento ceda un tercer solar para la construcción del centro de Educación Infantil con cuatro unidades que pronto se ampliará a seis, pues la demanda no deja de crecer.</p>
<p><img decoding="async" src="http://cppiedradearte.centros.educa.jcyl.es/sitio/upload/img/infant02_copia_1.jpg" border="0" alt="" /></p>
<p>Igualmente es necesario ampliar el número de aulas de Educación Primaria y, aunque se suscita un debate sobre la conveniencia de construir un nuevo centro educativo, en el año 2001, se opta por ampliar el centro con cuatro nuevas unidades, restando espacio al patio escolar.</p>
<p>De nuevo el crecimiento de la población escolar obliga a construir cuatro nuevas unidades en el escaso espacio que quedaba en el primer recinto escolar, obra que se concluye en el año 2003.</p>
<div><img decoding="async" src="http://cppiedradearte.centros.educa.jcyl.es/sitio/upload/img/secunda_copia.jpg" border="0" alt="" /></div>
<p>En la actualidad, la población escolar sigue aumentando por lo que ha habido que optar por instalar aulas prefabricadas. La situación actual no permite nuevas ampliaciones en los recintos existentes y por ello está en estudio la reordenación de los espacios escolares y la construcción de un nuevo centro educativo.</p>
<p>Así, pues, el C.E.I.P. “Piedra de Arte” de Villamayor de Armuña consta de tres edificios. El primer recinto está situado a la entrada del municipio, al margen izquierdo de la carretera viniendo desde Salamanca. El segundo recinto, frente por frente al anterior del que le separa la calle Filiberto Villalobos. El tercer recinto escolar, destinado a las unidades de Educación Infantil, está situado al otro lado de la carretera y a menos de 100 metros de los anteriores.</p>
<p>El estar distribuido en tres edificios separados conlleva algunas dificultades que son fácilmente subsanables por la profesionalidad, dedicación y buen hacer de los 40 maestros/as que, en la actualidad, desarrollan su quehacer educativo en el Colegio. Pero el estar en recintos separados también tiene ventajas: uniformidad y heterogeneidad de edades y etapas (uno para Educación Infantil, otro para la Educación Primaria (primer y segundo ciclos) y otro para el tercer ciclo de Primaria, así como paliar la posible masificación de los 530 alumnos/as que en este curso se escolarizan.</td>
</tr>
</tbody>
</table>
<p>&nbsp;</p>

<p>Mozodiel entra dentro de la ruta de transporte escolar 3700183, siendo la penúltima parada entre Valverdón y «Los Almendros», por lo que los niños pueden acceder al uso de la misma para asistir  al colegio de Villamayor. Para ello tendrán que haberse matriculado con &hellip; <a href="http://xn--mozodieldesanchiigo-b4b.es/?page_id=749">Sigue leyendo <span class="meta-nav">&rarr;</span></a></p>
