{"id":757,"date":"2012-06-11T15:30:42","date_gmt":"2012-06-11T13:30:42","guid":{"rendered":"http:\/\/xn--mozodieldesanchiigo-b4b.es\/?page_id=757"},"modified":"2013-02-20T10:08:41","modified_gmt":"2013-02-20T08:08:41","slug":"salud","status":"publish","type":"page","link":"http:\/\/xn--mozodieldesanchiigo-b4b.es\/?page_id=757","title":{"rendered":"Salud"},"content":{"rendered":"<h4 id=\"apartado2\"><span style=\"text-decoration: underline;\"><strong>Sanidad<\/strong><\/span><\/h4>\n<p>Mozodiel tiene asignado el Centro Medico de Villamayor que al igual que ocurre en materia educativa, la atenci\u00f3n sanitaria no es competencia municipal, sino de la Junta de Castilla y Le\u00f3n, pero si es obligaci\u00f3n municipal la puesta a disposici\u00f3n de esta de un Consultorio m\u00e9dico, adem\u00e1s de la limpieza y mantenimiento del edificio de Villamayor. En la actualidad han concluido las obras del nuevo Consultorio m\u00e9dico, 300m<sup>2<\/sup>, que suponen una mejora muy importante de las instalaciones sanitarias con cuatro despachos para m\u00e9dicos y dos para ATS, con una sala de espera de 60m<sup>2<\/sup>, recepci\u00f3n y administraci\u00f3n, espacio para pediatr\u00eda, sala de reuniones y varios almacenes, adem\u00e1s se cuenta con amplia zona para aparcamientos en la entrada.<\/p>\n<p>En la actualidad en Villamayor contamos con 2 m\u00e9dicos de cabecera y una ATS diariamente en horario de ma\u00f1ana. Un d\u00eda a la semana una pediatra en horario de tarde. El municipio pertenece a la Zona de Salud \u00abPeriurbana Norte\u00bb, siendo nuestro Centro de Salud de referencia el ubicado en Villares de la Reina, aunque todav\u00eda para algunos servicios dependemos del Centro de salud de Garrido Norte, en la capital. En el Consejo de Salud de zona la representante municipal es la concejala de acci\u00f3n social e igualdad, Mercedes Fern\u00e1ndez A\u00ednsua.<\/p>\n<p><span style=\"text-decoration: underline;\"><strong>El Ayuntamiento ha puesto a disposici\u00f3n de los vecinos un servicio de cita previa con un horario de 8:00 a 9:30 horas llamando al tel\u00e9fono: 923 286 520<\/strong><\/span><\/p>\n<h5>Direcci\u00f3n actual:<\/h5>\n<address>Plaza de la Constituci\u00f3n n\u00ba 1<br \/>\n37185 Villamayor<\/address>\n<p>&nbsp;<\/p>\n<p>SE AMPLIA EL HORARIO DE SOLICITUD DE CITA PARA EL CONSULTORIO M\u00c9DICO.<\/p>\n<p>A partir del pr\u00f3ximo 20 de febrero el horario ser\u00e1 de 08:00 a 10:00.<\/p>\n<p><img decoding=\"async\" src=\"https:\/\/dub109.mail.live.com\/Handlers\/ImageProxy.mvc?bicild=&amp;canary=w2jyhrS2xwb5YG5yX808EzuM9DG%2fxfLuvI73u3JpIOE%3d0&amp;url=http%3a%2f%2fwww.villamayor.es%2fdocs%2factualidad%2funtitled.png\" alt=\"\" width=\"240\" align=\"left\" \/>Ante las demandas de varios vecinos, que han puesto de manifiesto la dificultad de concertar visita m\u00e9dica en el Centro de Salud del municipio, el Ayuntamiento, ha decidido ampliar el horario de atenci\u00f3n telef\u00f3nica de las citas previas.<\/p>\n<p>A partir del pr\u00f3ximo<span style=\"text-decoration: underline;\"><strong>\u00a0mi\u00e9rcoles, d\u00eda 20 de febrero, el horario de \u00abCita Previa\u00bb\u00a0ser\u00e1 de 08:00 a 10:00 de la ma\u00f1ana, de lunes a viernes.<\/strong><\/span><\/p>\n<p>Con esta ampliaci\u00f3n se intentar\u00e1 mejorar la atenci\u00f3n telef\u00f3nica que hasta ahora exist\u00eda.<\/p>\n<p><span style=\"text-decoration: underline;\"><strong>El tel\u00e9fono de \u00abCita Previa\u00bb es el 923.286.520.<\/strong><\/span><\/p>\n<p>El servicio de \u00bb Cita Previa\u00bb lo gestiona, desde sus inicios,\u00a0directamente el consistorio con recursos propios, esperando, que en breve, se proceda a la automatizaci\u00f3n definitiva\u00a0de dicho servicio por parte de\u00a0la Junta de Castilla y Le\u00f3n.<\/p>\n","protected":false},"excerpt":{"rendered":"<p>Sanidad Mozodiel tiene asignado el Centro Medico de Villamayor que al igual que ocurre en materia educativa, la atenci\u00f3n sanitaria no es competencia municipal, sino de la Junta de Castilla y Le\u00f3n, pero si es obligaci\u00f3n municipal la puesta a &hellip; <a href=\"http:\/\/xn--mozodieldesanchiigo-b4b.es\/?page_id=757\">Sigue leyendo <span class=\"meta-nav\">&rarr;<\/span><\/a><\/p>\n","protected":false},"author":1,"featured_media":0,"parent":745,"menu_order":0,"comment_status":"open","ping_status":"open","template":"","meta":{"footnotes":""},"class_list":["post-757","page","type-page","status-publish","hentry"],"_links":{"self":[{"href":"http:\/\/xn--mozodieldesanchiigo-b4b.es\/index.php?rest_route=\/wp\/v2\/pages\/757","targetHints":{"allow":["GET"]}}],"collection":[{"href":"http:\/\/xn--mozodieldesanchiigo-b4b.es\/index.php?rest_route=\/wp\/v2\/pages"}],"about":[{"href":"http:\/\/xn--mozodieldesanchiigo-b4b.es\/index.php?rest_route=\/wp\/v2\/types\/page"}],"author":[{"embeddable":true,"href":"http:\/\/xn--mozodieldesanchiigo-b4b.es\/index.php?rest_route=\/wp\/v2\/users\/1"}],"replies":[{"embeddable":true,"href":"http:\/\/xn--mozodieldesanchiigo-b4b.es\/index.php?rest_route=%2Fwp%2Fv2%2Fcomments&post=757"}],"version-history":[{"count":2,"href":"http:\/\/xn--mozodieldesanchiigo-b4b.es\/index.php?rest_route=\/wp\/v2\/pages\/757\/revisions"}],"predecessor-version":[{"id":839,"href":"http:\/\/xn--mozodieldesanchiigo-b4b.es\/index.php?rest_route=\/wp\/v2\/pages\/757\/revisions\/839"}],"up":[{"embeddable":true,"href":"http:\/\/xn--mozodieldesanchiigo-b4b.es\/index.php?rest_route=\/wp\/v2\/pages\/745"}],"wp:attachment":[{"href":"http:\/\/xn--mozodieldesanchiigo-b4b.es\/index.php?rest_route=%2Fwp%2Fv2%2Fmedia&parent=757"}],"curies":[{"name":"wp","href":"https:\/\/api.w.org\/{rel}","templated":true}]}}

<h4 id="apartado2"><span style="text-decoration: underline;"><strong>Sanidad</strong></span></h4>
<p>Mozodiel tiene asignado el Centro Medico de Villamayor que al igual que ocurre en materia educativa, la atención sanitaria no es competencia municipal, sino de la Junta de Castilla y León, pero si es obligación municipal la puesta a disposición de esta de un Consultorio médico, además de la limpieza y mantenimiento del edificio de Villamayor. En la actualidad han concluido las obras del nuevo Consultorio médico, 300m<sup>2</sup>, que suponen una mejora muy importante de las instalaciones sanitarias con cuatro despachos para médicos y dos para ATS, con una sala de espera de 60m<sup>2</sup>, recepción y administración, espacio para pediatría, sala de reuniones y varios almacenes, además se cuenta con amplia zona para aparcamientos en la entrada.</p>
<p>En la actualidad en Villamayor contamos con 2 médicos de cabecera y una ATS diariamente en horario de mañana. Un día a la semana una pediatra en horario de tarde. El municipio pertenece a la Zona de Salud «Periurbana Norte», siendo nuestro Centro de Salud de referencia el ubicado en Villares de la Reina, aunque todavía para algunos servicios dependemos del Centro de salud de Garrido Norte, en la capital. En el Consejo de Salud de zona la representante municipal es la concejala de acción social e igualdad, Mercedes Fernández Aínsua.</p>
<p><span style="text-decoration: underline;"><strong>El Ayuntamiento ha puesto a disposición de los vecinos un servicio de cita previa con un horario de 8:00 a 9:30 horas llamando al teléfono: 923 286 520</strong></span></p>
<h5>Dirección actual:</h5>
<address>Plaza de la Constitución nº 1<br />
37185 Villamayor</address>
<p>&nbsp;</p>
<p>SE AMPLIA EL HORARIO DE SOLICITUD DE CITA PARA EL CONSULTORIO MÉDICO.</p>
<p>A partir del próximo 20 de febrero el horario será de 08:00 a 10:00.</p>
<p><img decoding="async" src="https://dub109.mail.live.com/Handlers/ImageProxy.mvc?bicild=&amp;canary=w2jyhrS2xwb5YG5yX808EzuM9DG%2fxfLuvI73u3JpIOE%3d0&amp;url=http%3a%2f%2fwww.villamayor.es%2fdocs%2factualidad%2funtitled.png" alt="" width="240" align="left" />Ante las demandas de varios vecinos, que han puesto de manifiesto la dificultad de concertar visita médica en el Centro de Salud del municipio, el Ayuntamiento, ha decidido ampliar el horario de atención telefónica de las citas previas.</p>
<p>A partir del próximo<span style="text-decoration: underline;"><strong> miércoles, día 20 de febrero, el horario de «Cita Previa» será de 08:00 a 10:00 de la mañana, de lunes a viernes.</strong></span></p>
<p>Con esta ampliación se intentará mejorar la atención telefónica que hasta ahora existía.</p>
<p><span style="text-decoration: underline;"><strong>El teléfono de «Cita Previa» es el 923.286.520.</strong></span></p>
<p>El servicio de » Cita Previa» lo gestiona, desde sus inicios, directamente el consistorio con recursos propios, esperando, que en breve, se proceda a la automatización definitiva de dicho servicio por parte de la Junta de Castilla y León.</p>

<p>Sanidad Mozodiel tiene asignado el Centro Medico de Villamayor que al igual que ocurre en materia educativa, la atención sanitaria no es competencia municipal, sino de la Junta de Castilla y León, pero si es obligación municipal la puesta a &hellip; <a href="http://xn--mozodieldesanchiigo-b4b.es/?page_id=757">Sigue leyendo <span class="meta-nav">&rarr;</span></a></p>
